- 2 + 0*j. Let b = -856 + 852. What is the remainder when 51 is divided by o(b)?
9
Let y be (-30)/(-4) + (-6)/12. Suppose 86 = y*b - 5*b. Calculate the remainder when 212 is divided by b.
40
Let k = -16 + 26. Let m = -8 + k. Suppose d = 5*i - 156, -m*d = 5*i + 3*d - 150. What is the remainder when i is divided by 17?
14
Let b(i) = 2*i**2 - 20*i - 63. What is the remainder when b(13) is divided by 7?
1
Let x(w) = 4*w**2 - 2*w - 1. Suppose 10 = 5*a - 0. What is the remainder when 123/4*(-8)/(-6) is divided by x(a)?
8
Suppose -x + 21 = h + x, 4*x + 33 = 3*h. Calculate the remainder when 56 is divided by h.
11
Let w = 2956 - 2937. Let m(g) = g**2 - 4*g - 5. What is the remainder when w is divided by m(6)?
5
Suppose -o = -2*c - 0*o + 8, -5*c + 20 = 2*o. Suppose -5*t - 3*q + 49 = -c*q, -4*q = -4. Calculate the remainder when t is divided by 4.
2
Suppose -35 = a - 0. Let q = a - -43. Suppose 3*k + 2*n - 72 = 5*n, 5*k = -3*n + 96. Calculate the remainder when k is divided by q.
5
Suppose -234 = -132*o + 119*o. Calculate the remainder when 69 is divided by o.
15
Suppose -f + t - 136 = -490, 0 = -3*f + 2*t + 1060. What is the remainder when f is divided by 93?
73
Let r(i) = -i**2 - 6*i + 7. Let d = 27 - 34. Let q be r(d). Suppose q = -2*c + 37 + 15. What is the remainder when c is divided by 14?
12
Let g = 331 + -29. Calculate the remainder when g is divided by 77.
71
Suppose c - 5*c = -24. What is the remainder when 50 is divided by c?
2
Let g = -13 - -30. Let w(q) = -q - 2. Let n be w(4). Calculate the remainder when g is divided by 12 + (-3)/(-6)*n.
8
Calculate the remainder when 614 is divided by (21/(-15))/((-22)/220).
12
Calculate the remainder when 370 is divided by 27/(-270) - 121/(-10).
10
Let r = -44 - -25. Let o = 7 - r. Suppose 0 = 5*u + 5*x - 230, 26*u - 28*u + 127 = -5*x. Calculate the remainder when u is divided by o.
25
Let d = -22 - -16. Let p = d + 7. Suppose -5*t + p + 14 = 0. Calculate the remainder when t is divided by 1.
0
Let k = -220 + 237. Calculate the remainder when 234 is divided by k.
13
Let w(v) = -v**3 + 8*v**2 - 6*v - 3. Let f be w(7). Suppose -f*j = -0*j - 532. What is the remainder when j is divided by 27?
25
Let x = -709 + 712. Suppose 0 = -2*b - 180 + 464. Suppose -p = y + 3*y - 189, x*y = -p + b. What is the remainder when y is divided by 6?
5
Let n = 82 - 42. Calculate the remainder when n is divided by ((-304)/(-14) - 1) + (-14)/(-49).
19
Calculate the remainder when -1 - -1 - (-436 + (-5 - -22)) is divided by 140.
139
Suppose 0 = 3*k - 6*k + 99. Suppose -223 = -5*j - k. What is the remainder when j is divided by 14?
10
Suppose 31 = 180*k - 178*k + 5*g, -k = -g - 5. What is the remainder when 0 - (-1 + 1 - 37) is divided by k?
5
Suppose -3*g - 10 = -2*v - 2*v, -2*g - 2*v = -12. What is the remainder when -10*(-3)/(g/2) is divided by 11?
8
Suppose 2*n = -2*a + 60, -2*n - 5*a + 2*a = -63. Let w(o) = -o**2 + 28*o + 8. Calculate the remainder when 135 is divided by w(n).
30
What is the remainder when 70 is divided by 1/(((-9)/54)/((-17)/2))?
19
Let n = 1582 + -1546. Suppose 2*z = -0*z + 26. Calculate the remainder when n is divided by z.
10
Suppose 13 = 3*a - 8. What is the remainder when 12 is divided by a?
5
Suppose -l - 406 = -5*z + 24, 4*z - 353 = -l. Calculate the remainder when 434 is divided by z.
86
What is the remainder when 134 is divided by 66/(-1 + 7) + 4 - 0?
14
Let k(b) = -8*b - 4. Suppose 83 = 4*l + 23. Calculate the remainder when k(-6) is divided by l.
14
Let v(j) = -j**2 + j + 66. Let l be v(0). Let z = l - 22. Suppose -2*g = 3*g - 80. What is the remainder when z is divided by g?
12
Suppose 21*l - 44*l = -1817. What is the remainder when l is divided by 40?
39
Let g(v) = 2*v**2 - 64*v + 10. Calculate the remainder when g(-6) is divided by 39.
37
Let f(v) = -7*v**2 + 3*v. Let n be f(2). Let p = -33 - -49. Calculate the remainder when p is divided by n/(-4) + 1/(-2).
1
Let a(f) = 17*f - 1. Let o be a(1). Let i be (-12)/o*-4*-4. Let g = 6 - i. Calculate the remainder when 33 is divided by g.
15
Suppose 34 = 5*z + 14. Let u = 17648 + -17614. What is the remainder when u is divided by z?
2
Suppose 20*j - 82 = 96 + 82. Suppose -2*g + 3*c = -95, g + 6*c = 2*c + 31. What is the remainder when g is divided by j?
4
Let y(n) = -n**3 - 4*n**2 - 4*n - 82. What is the remainder when 71 is divided by y(-6)?
1
Suppose -4*n - 19 = -q, 3*q - 5*n = 61 - 11. Calculate the remainder when q is divided by 2.
1
Let i be (-1)/5 + 678/15. Let c = 51 - i. Let n(m) = 11*m. What is the remainder when n(1) is divided by c?
5
Suppose 4*p - 1201 = -h + 36, 0 = h - 5. What is the remainder when p is divided by 81?
65
Suppose -4*k + 4 = 0, 4*l - 165 = -4*k + 7. Suppose 2*a + 4 = 0, 5*w + 26*a = 23*a + 824. Calculate the remainder when w is divided by l.
40
Suppose 5*c = c + 4, -4*f = c - 29. What is the remainder when 50 is divided by f?
1
Let g(p) = p - 4. Let w be g(19). Suppose 0 = 4*z - 4*c - 44, w = -4*c - 5. Calculate the remainder when 21 is divided by z.
3
Let w(z) = -241*z + 3143. What is the remainder when w(13) is divided by 12/5 - 4/10?
0
Suppose 5 = 2*j - 3*j. Let i(u) = -6*u + 1. Calculate the remainder when i(j) is divided by 315/(-14)*12/(-15).
13
Let m(u) = u**3 + 3*u**2 - 9. Suppose 3*n + 35 = -4*t, 2*t - 5 = -4*n + 7*t. Let v be m(n). Let d = -38 - v. What is the remainder when d is divided by 6?
3
Suppose -3*x = -2*l + 2*x + 4, -2*l - x = -4. Suppose -4 = 2*c, 16 = 5*a - 3*a - l*c. Calculate the remainder when a is divided by 2/(1/(-4)*-2).
2
Let v = 266 - 230. What is the remainder when v is divided by 25?
11
Let y = 70 - 49. Calculate the remainder when 3 + 64 + 20/(-4) is divided by y.
20
Let x = 1198 - 1126. Calculate the remainder when x is divided by 6.
0
Suppose -x + 8 = -5*b, 4*x = -3*b + 37 + 18. Calculate the remainder when 2586 is divided by x.
12
Suppose 44 = -39*r + 43*r + c, 0 = -5*r - c + 57. Suppose -2*g + 111 = g. Calculate the remainder when g is divided by r.
11
Let r = 4845 - 4807. Let b(p) = p**3 - 3*p**2 + 4. Calculate the remainder when b(6) is divided by r.
36
Let x be 2*(1 - -13)*1. Let i be 34/10 + x/(-70). Suppose -i*m - 4 = -58. Calculate the remainder when m is divided by 5.
3
Let y(q) = -2*q - 34 + 63 + 0*q. What is the remainder when 58 is divided by y(7)?
13
Let n be (1 - 1) + (-2 - -6). Suppose -n*i - a + 23 = 4*a, -5*i + 2*a = -4. Let r = 3 + i. Calculate the remainder when 22 is divided by r.
2
Let b(y) = -23*y**2 + 27*y - 59. Let x(d) = 8*d**2 - 9*d + 20. Let v(t) = -6*b(t) - 17*x(t). What is the remainder when 27 is divided by v(4)?
7
Let a(j) = 3*j**2 + 3*j - 18. Calculate the remainder when a(5) is divided by 19.
15
Suppose 357*n - 349*n = 208. Calculate the remainder when 69 is divided by n.
17
Let u(a) = 2*a**2 - 11*a + 28. Calculate the remainder when 541 is divided by u(8).
65
Suppose -t + 78 = 2*t. Suppose 142*v - 145*v + 21 = 0. What is the remainder when -1*-2*t/4 is divided by v?
6
Calculate the remainder when 651*(10/20)/(9/6) is divided by 45.
37
Suppose -2*z = -3*s - z + 78, 4*z - 52 = -2*s. Suppose 5*u + 121 - 24 = y, -309 = -3*y - 3*u. Calculate the remainder when y is divided by s.
24
Let o = -1 - -1. Suppose -14 = -2*x - o. Let b(d) = -4*d + 45. What is the remainder when b(8) is divided by x?
6
Let p(n) = n**3 - 9*n**2 + 9*n + 3. Calculate the remainder when 72 is divided by p(8).
6
Suppose -591 = -4*v + 5*o, 0 = v - 5*v + o + 611. Suppose i = 3*i - v. Let a = -46 + i. What is the remainder when 122 is divided by a?
29
Let b(a) = 33*a - 3. Let t be b(-3). Let g = -65 - t. Calculate the remainder when g is divided by 16.
5
Let x = -15 + 22. Let n = 978 - 954. What is the remainder when n is divided by x?
3
What is the remainder when -1*(7/(-21))/((-1)/(-1515)) is divided by 23?
22
Let a = -56 + 50. Suppose 0*g + g - 45 = 0. Calculate the remainder when g is divided by ((-4 - a) + -8)*-4.
21
Let j = 18 + -10. Let m be 1/(-5) - (-1405)/25. Suppose 4*i = m + 32. What is the remainder when i is divided by j?
6
Suppose -7*b = -277 - 2348. What is the remainder when b is divided by 19?
14
Let n(f) = f + 1143. Calculate the remainder when n(-38) is divided by 9.
7
Let x = 122 - 118. What is the remainder when 48 is divided by x?
0
What is the remainder when 22 is